3*h - 3*u. What are the prime factors of h?
2, 3
Suppose 14 = -r + 5. Let y = r + 15. Suppose -276 = -y*n + 162. List the prime factors of n.
73
Let m(x) = -15*x**3 - 3*x**2 - 12*x - 18. Let p be m(-6). Suppose -p = 7*v - 16*v. List the prime factors of v.
2, 3, 59
Suppose 0 = q - 3, -2*q - 107 = 4*n - 3*q. Let y(s) = 9*s + 1. Let j be y(6). Let g = n + j. What are the prime factors of g?
29
Suppose 7*w = 4*w + 24. Suppose 8*x = -d + 4*x + 12, 0 = 3*d - 2*x - w. Suppose -d*z + 74 = -202. List the prime factors of z.
3, 23
Suppose -120*b + 3 = -119*b. Suppose -b*g + 577 = 2*g + j, 4*j - 220 = -2*g. What are the prime factors of g?
2, 29
Let s = 3 + -10. Let y be s/((-21)/120) - 1. Let r = -26 + y. What are the prime factors of r?
13
Let c(m) = -71*m**3 - m**2 + 5*m + 9. What are the prime factors of c(-2)?
563
Suppose g = 13 - 3. Let i(r) = r**2 - 18*r - 1. Let v be i(g). Let c = v - -148. List the prime factors of c.
67
Let o = -57 + -33. Let a = -7 - -5. List the prime factors of -2 - (a - o/(-3)).
2, 3, 5
Suppose 7406 = 3*o - x, 2*o - 4*x = 6090 - 1136. What are the prime factors of o?
2467
Suppose 180*h = 189*h - 4500. List the prime factors of h.
2, 5
Let b(o) = 12*o**2 + 16*o + 92. List the prime factors of b(14).
2, 23, 29
Suppose -5*j + 48 + 7660 = i, -j + 5*i + 1526 = 0. What are the prime factors of j?
23, 67
Suppose 6*j = 16 + 8. Suppose -4*q - q + x = -209, 0 = j*q + x - 160. What are the prime factors of q?
41
Let t(q) = -6*q - 9. Let d = -91 - -80. List the prime factors of t(d).
3, 19
Let g = 497 - 142. List the prime factors of g.
5, 71
Let h = -2 - 1. Suppose 2*s - 3*a + 4 + 9 = 0, 3*a = -s + 7. List the prime factors of 58*(-1)/s + h.
2, 13
Let r(b) = b**2 - 13*b + 10. Let j be r(11). Let d = 10 + j. What are the prime factors of 9 + 2 - (d + 2)?
11
Suppose 0*k - 14 = 7*k. What are the prime factors of (-1172)/(-8) - 1/k?
3, 7
Let j(z) = 2*z**2 + z - 13. Let h be j(9). Suppose h = 6*l - 214. What are the prime factors of l?
2, 31
Suppose -4*a - 2387 = -3*f, 14*f + 2*a = 11*f + 2393. List the prime factors of f.
797
Suppose 4*z - 444 = -5*g, 2*z = 6*g - 8*g + 176. What are the prime factors of g?
2, 23
Suppose -5*k = 2*v + 10, -v + 36 = 3*v - 4*k. Suppose -7*b = -2*b + 5*w - 140, -v*b + 105 = -2*w. What are the prime factors of b?
23
Let i = 1407 - 803. List the prime factors of i.
2, 151
Suppose -t + 1000 = 9*t. List the prime factors of t.
2, 5
Let k(w) = -1049*w + 16 + 1026*w + 13. What are the prime factors of k(-8)?
3, 71
Suppose -5*h = -0*h + 5. Let y(c) = -57*c**3 + c**2 - 1. Let o be y(h). Suppose -8*i + 5*i + o = 0. List the prime factors of i.
19
List the prime factors of (-1)/(-10) + 84588/120.
3, 5, 47
Let g be 14/(-49) + 100/7. Suppose 2*t - g = -0. What are the prime factors of t?
7
Suppose 5*k - 134 = q + 370, 99 = k - 2*q. Let x = k + 96. What are the prime factors of x?
197
Let o = 623 - 423. Suppose 32*v = 27*v + o. List the prime factors of v.
2, 5
Suppose -25 = -5*t, 3*s - 4*t - 67 = 213. Suppose -3*f - 2*f = 15, 2*d + 2*f = 0. Suppose -d*y + s = -5. What are the prime factors of y?
5, 7
Suppose 4*j = v + 4*v - 16, 2*j - 3*v + 10 = 0. Let x be j + -7 - (-5 - -2). Let d = x + 5. List the prime factors of d.
2
Suppose -5 = 3*a + 5*c, -4*a - 4*c = -0 - 4. Suppose b - 101 = -a*w, -b + 181 = b + 3*w. What are the prime factors of b?
2, 43
Suppose 5*l + k - 22828 = 0, -5*l + 6120 = -4*k - 16693. What are the prime factors of l?
5, 11, 83
Let d(x) = x**3 + x**2 - 7*x + 6. Let j be d(4). Let h = 123 - j. What are the prime factors of h?
5, 13
Let g(y) = y - 1. Let b be g(3). Suppose -4*a + 6*a + b = 0. List the prime factors of 18*a*(-5 - -4).
2, 3
Suppose -2*j = -6, -16 = 5*t - 5*j - 196. Let u be -6 - (-99)/15 - (-14)/10. Suppose -r = -u*r + t. What are the prime factors of r?
3, 13
Let w(c) = -4*c - 3. Let h(g) = -g**3 + 6*g**2 - 2. Let u be h(6). Let d be w(u). Suppose 0 = 2*z - s - 32, d*s = z + 3*s - 19. List the prime factors of z.
3, 5
Let i be (32/80)/((-2)/(-835)). Suppose 6*g = i + 133. What are the prime factors of g?
2, 5
Let w(a) = 3*a**3 - 6*a**2 + 6*a + 2. What are the prime factors of w(5)?
257
Suppose -1547 = -5*m + 1483. What are the prime factors of m?
2, 3, 101
Let k(d) = -d**3 - 8*d**2 + 10*d + 11. Let p be k(-9). Suppose 0 = u + 3*o - 41 - 0, p*u + 4*o = 82. What are the prime factors of u?
41
Suppose n - 5*n - 2 = -j, -j - 5*n = -29. Let k(c) be the second derivative of c**5/20 - 7*c**4/6 + c**3/3 - 2*c**2 - 14*c. What are the prime factors of k(j)?
2, 3
Let j = 572 - 446. List the prime factors of j.
2, 3, 7
Suppose 0 = 4*t - 7 - 13. Suppose 5*s = -4*l + 15, 0 = 3*l + 4*s - t*s + 3. List the prime factors of l + 4 + (-1 - -47).
2, 5
Suppose -t + 179 = 2*s, 4*t - 61 - 220 = -3*s. Let p = -125 + s. Let u = p - -89. List the prime factors of u.
3, 17
Let n(j) = 13*j**2 - 4*j + 2. Suppose 0 = -2*z + 4*x + 16, 2*x = 4*z - x - 17. List the prime factors of n(z).
2, 23
Let p = 500 - 498. Let b be 1 - (-10 - 2*-1). Suppose -b = -s - p. List the prime factors of s.
7
Suppose 5*h - 6*h + 12 = 0. What are the prime factors of (-3 + -8 - -2)*(-6 - h)?
2, 3
Let f be (1 - 2)*2/(-1). What are the prime factors of ((-134)/(-4))/(f/4)?
67
Let o(t) = 2*t - 6. Let u(g) = -g. Let p(q) = -6*o(q) + 6*u(q). What are the prime factors of p(-6)?
2, 3
Suppose 2*n = 4*n + 66. Let p = 35 + n. What are the prime factors of p?
2
Let d = 101 + -86. Suppose -2*z = -4*h + 11 + 15, h = -3*z - 11. Let r = d + h. What are the prime factors of r?
19
Let v(a) = 2*a**3 - 3*a**2 + 6*a + 1287. What are the prime factors of v(0)?
3, 11, 13
Let x = 59 + -57. Let n(b) = -2*b + 10. List the prime factors of n(x).
2, 3
Let b = -584 + 1604. What are the prime factors of b?
2, 3, 5, 17
Suppose -u - 4*l + 278 + 142 = 0, -5*l = 5*u - 2085. List the prime factors of u.
2, 13
Let v(i) be the first derivative of -7 + 5*i + 11/2*i**2. What are the prime factors of v(3)?
2, 19
Let m = -176 + 311. Suppose 6*l = 3*l + m. What are the prime factors of l?
3, 5
Let v(n) = 30 + 198*n + 32 - 59. List the prime factors of v(1).
3, 67
Let d(n) be the second derivative of -n**4/12 - n**3/2 + 2*n**2 + 3*n. Let c be d(-5). List the prime factors of (-2 - c)/(5 - 4).
2
Let z(q) = 2*q**3 + 10*q**2 + 5*q + 6. Let u be z(-4). Suppose -5*a + a = -12, -u = -2*j + 2*a. What are the prime factors of j?
2, 3
Suppose 13 = -l + 4. Let w = 19 + l. What are the prime factors of (39 - w)*1/1?
29
Suppose -5*h + 9 = -3*k, -11 = -3*h + 4*k - 5*k. Suppose 7*t - 4*t + d = 865, 4*t - 1175 = h*d. What are the prime factors of t?
2, 5, 29
Let l be (-33)/22*(-8)/6. Suppose -47 = l*c - 161. List the prime factors of c + (2 - 16/4).
5, 11
What are the prime factors of 15 + 19 + ((-2)/(-1))/2?
5, 7
Suppose 0 = -2*c - 3*c + 15. Suppose -12*j + 73 = 1. Suppose 0 = -3*f + r + 203, -j*r + 357 = 5*f - c*r. List the prime factors of f.
3, 23
Let c = 188 + -386. Let u = 107 + c. Let n = -53 - u. What are the prime factors of n?
2, 19
Let t(o) = 6*o**2 + 6*o - 17. Let r be ((-12)/28 - (-4)/140)*15. What are the prime factors of t(r)?
163
Suppose -l - 216 = -5*l. Let y = l + 20. List the prime factors of y.
2, 37
Let k(n) = -135*n + 83. List the prime factors of k(-7).
2, 257
Let r(q) = 10*q - 1. Let z(h) = 15*h - 2. Let j = -14 - -6. Let v(p) = j*r(p) + 5*z(p). What are the prime factors of v(-5)?
23
Suppose 5*g - 26 + 1 = 0. Suppose 0 = 4*l - 17 + g. Suppose 0 = l*s - 2*s - 12. List the prime factors of s.
2, 3
Let a(c) = -c**2 - 13*c - 4. Let j be a(-12). Suppose -40 = -2*r + 5*b, 72 = 4*r - 5*b - j. Suppose -n - 3*n = -r. List the prime factors of n.
5
Suppose 11855 = 10*t - 1555. What are the prime factors of t?
3, 149
What are the prime factors of (-49)/2*62124/(-651)?
2, 7, 167
Suppose -4*b - 110 = 258. Let k = b - -244. What are the prime factors of k?
2, 19
Suppose -87*t = 15*t - 331908. What are the prime factors of t?
2, 1627
Let p be 4 - 5 - (-1 + -16). Suppose p = 3*y - 5. Suppose -y*s + 6*s + 21 = 0. List the prime factors of s.
3, 7
Let w(a) = 4*a - 4. Let b be w(-3). Let r(d) = -d**3 + 19*d**2 + 41*d + 25. Let g be r(21). List the prime factors of 7/(62/b + g).
2, 7
Let k = 728 + -425. What are the prime factors of k?
3, 101
Let t(i) = 4 + 0 - 2*i**2 - 1 + 17. What are t